13?
-39
Convert 0 (base 16) to base 2.
0
-30 (base 10) to base 3
-1010
2 (base 12) to base 13
2
What is 111 (base 2) in base 10?
7
Convert -216 (base 8) to base 13.
-ac
Convert a (base 14) to base 2.
1010
-131 (base 11) to base 10
-155
What is -25 (base 11) in base 16?
-1b
Convert 1340 (base 6) to base 14.
1ac
Convert -21201 (base 3) to base 9.
-251
4 (base 10) to base 15
4
What is 186 (base 11) in base 8?
327
Convert 101 (base 3) to base 2.
1010
-2 (base 11) to base 12
-2
Convert -3 (base 9) to base 16.
-3
What is 2 (base 4) in base 14?
2
What is 0 (base 11) in base 14?
0
4 (base 16) to base 4
10
-12 (base 5) to base 2
-111
Convert -2 (base 16) to base 11.
-2
Convert 2 (base 9) to base 15.
2
Convert -140 (base 5) to base 4.
-231
Convert -d (base 16) to base 14.
-d
What is 1040 (base 5) in base 11?
122
-266 (base 10) to base 14
-150
-a (base 14) to base 11
-a
1 (base 14) to base 3
1
Convert -2e (base 16) to base 13.
-37
-1 (base 2) to base 5
-1
15 (base 16) to base 14
17
127 (base 9) to base 11
97
Convert 19 (base 13) to base 4.
112
-4 (base 14) to base 10
-4
-10 (base 5) to base 6
-5
Convert 13 (base 6) to base 9.
10
What is 2 (base 7) in base 11?
2
Convert 25 (base 14) to base 11.
30
Convert -9 (base 13) to base 16.
-9
What is -2 (base 13) in base 15?
-2
12 (base 6) to base 12
8
-3 (base 11) to base 2
-11
What is 1 (base 4) in base 15?
1
2 (base 3) to base 15
2
-32 (base 11) to base 14
-27
15 (base 11) to base 16
10
-6 (base 7) to base 10
-6
47 (base 12) to base 2
110111
What is -2201 (base 3) in base 16?
-49
What is -16 (base 9) in base 5?
-30
Convert 0 (base 11) to base 3.
0
-12 (base 3) to base 9
-5
-3 (base 8) to base 14
-3
What is -140 (base 13) in base 16?
-dd
43 (base 8) to base 9
38
2 (base 16) to base 12
2
What is -18 (base 11) in base 16?
-13
10 (base 14) to base 4
32
-4 (base 9) to base 15
-4
-1000001 (base 2) to base 13
-50
Convert -102 (base 5) to base 16.
-1b
What is -114 (base 6) in base 7?
-64
-11211 (base 3) to base 5
-1010
Convert -132 (base 5) to base 7.
-60
Convert -304 (base 7) to base 10.
-151
Convert 1210 (base 4) to base 14.
72
Convert -170 (base 12) to base 6.
-1020
Convert 1c (base 13) to base 7.
34
-6 (base 16) to base 13
-6
Convert -2 (base 12) to base 5.
-2
Convert 4 (base 11) to base 15.
4
What is -2 (base 4) in base 8?
-2
-4 (base 10) to base 11
-4
Convert 0 (base 7) to base 15.
0
What is 35 (base 12) in base 5?
131
What is 1101 (base 2) in base 14?
d
23 (base 4) to base 7
14
Convert -4 (base 6) to base 9.
-4
What is 12 (base 3) in base 7?
5
-21 (base 4) to base 14
-9
Convert -1 (base 3) to base 15.
-1
What is -13 (base 6) in base 5?
-14
Convert a (base 12) to base 8.
12
5 (base 7) to base 16
5
-340 (base 6) to base 15
-8c
Convert -151 (base 15) to base 14.
-177
What is 5 (base 12) in base 4?
11
23 (base 5) to base 10
13
Convert -5 (base 13) to base 3.
-12
What is 14 (base 7) in base 11?
10
53 (base 11) to base 12
4a
6 (base 15) to base 12
6
3 (base 15) to base 12
3
What is -b7 (base 14) in base 16?
-a1
Convert 3 (base 8) to base 12.
3
-24 (base 11) to base 16
-1a
-20 (base 3) to base 2
-110
What is 59 (base 15) in base 5?
314
Convert -230 (base 9) to base 8.
-275
Convert 2 (base 12) to base 7.
2
Convert -31 (base 8) to base 15.
-1a
Convert -a2 (base 16) to base 6.
-430
Convert -66 (base 8) to base 14.
-3c
What is 0 (base 14) in base 13?
0
What is -32 (base 8) in base 7?
-35
7 (base 14) to base 10
7
What is 38 (base 14) in base 13?
3b
Convert -11 (base 3) to base 12.
-4
-4 (base 6) to base 2
-100
-1 (base 13) to base 12
-1
Convert -23 (base 8) to base 16.
-13
What is -10101 (base 2) in base 7?
-30
Convert 2 (base 6) to base 10.
2
What is -20 (base 5) in base 4?
-22
Convert -4 (base 8) to base 3.
-11
Convert 44 (base 7) to base 3.
1012
-102 (base 12) to base 9
-172
What is -1 (base 8) in base 12?
-1
Convert -53 (base 11) to base 16.
-3a
20000 (base 3) to base 4
2202
2 (base 9) to base 14
2
Convert 12 (base 5) to base 16.
7
-6b (base 13) to base 15
-5e
What is 110 (base 2) in base 14?
6
What is -11 (base 3) in base 14?
-4
1021 (base 3) to base 13
28
196 (base 14) to base 12
234
What is -11 (base 9) in base 15?
-a
Convert -100210 (base 3) to base 13.
-174
What is -3 (base 5) in base 3?
-10
Convert 0 (base 11) to base 14.
0
10 (base 2) to base 5
2
What is 12 (base 5) in base 16?
7
101001100 (base 2) to base 15
172
What is -2 (base 11) in base 4?
-2
Convert -3 (base 14) to base 2.
-11
Convert 5 (base 13) to base 10.
5
37 (base 8) to base 10
31
Convert 7 (base 13) to base 2.
111
What is 4 (base 12) in base 2?
100
71 (base 16) to base 2
1110001
What is -27 (base 10) in base 4?
-123
What is -20 (base 4) in base 6?
-12
Convert -51 (base 14) to base 10.
-71
What is 1001 (base 2) in base 10?
9
Convert 17 (base 9) to base 15.
11
7 (base 8) to base 15
7
27 (base 16) to base 12
33
Convert 3 (base 11) to base 10.
3
What is -6 (base 9) in base 2?
-110
What is -25 (base 12) in base 7?
-41
1 (base 11) to base 9
1
What is -10 (base 4) in base 2?
-100
What is -29 (base 15) in base 2?
-100111
What is -3 (base 4) in base 11?
-3
What is 50 (base 11) in base 16?
37
-110 (base 3) to base 6
-20
Convert 41 (base 9) to base 7.
52
What is -1 (base 10) in base 4?
-1
What is -6 (base 9) in base 4?
-12
What is -10110011 (base 2) in base 11?
-153
What is 3 (base 7) in base 6?
3
Convert 12112 (base 3) to base 12.
105
12 (base 8) to base 13
a
What is 100 (base 3) in base 4?
21
3 (base 11) to base 9
3
43 (base 7) to base 2
11111
What is 14 (base 5) in base 14?
9
-93 (base 11) to base 3
-10210
-13 (base 8) to base 15
-b
Convert 202 (base 7) to base 12.
84
What is 3 (base 11) in base 5?
3
Convert -51 (base 9) to base 7.
-64
-6 (base 12) to base 3
-20
What is -2 (base 8) in base 16?
-2
Convert -a (base 13) to base 2.
-1010
What is 63 (base 7) in base 11?
41
1 (base 9) to base 5
1
What is 0 (base 4) in base 12?
0
What is -35 (base 7) in base 3?
-222
-3 (base 6) to base 15
-3
Convert 2 (base 7) to base 8.
2
Convert 61 (base 14) to base 7.
151
21 (base 4) to base 5
14
Convert -44 (base 8) to base 3.
-1100
Convert -7 (base 13) to base 15.
-7
6 (base 8) to base 10
6
What is -342 (base 5) in base 4?
-1201
Convert -a (base 16) to base 9.
-11
Convert 21 (base 6) to base 13.
10
Convert 4 (base 13) to base 10.
4
What is 10010 (base 3) in base 14?
60
42 (base 6) to base 16
1a
What is 29 (base 14) in base 12?
31
What is -131 (base 5) in base 7?
-56
What is 9a (base 11) in base 9?
131
What is 3 (base 10) in base 9?
3
Convert 11 (base 2) to base 13.
3
What is -103 (base 5) in base 8?
-34
Convert 30 (base 5) to base 11.
14
Convert -12021 (base 4) to base 11.
-328
-6 (base 9) to base 7
-6
What is -43 (base 5) in base 12?
-1b
What is -20 (base 8) in base 4?
-100
Convert 242 (base 7) to base 14.
92
Convert -431 (base 5) to base 10.
-116
Convert -145 (base 9) to base 4.
-1322
What is -82 (base 11) in base 7?
-156
Convert -11 (base 14) to base 12.
-13
Convert 104 (base 6) to base 9.
44
1322 (base 4) to base 3
11112
What is ac (base 15) in base 14?
b8
What is -41 (base 5) in base 4?
-111
Convert -13 (base 4) to base 13.
-7
Convert -1242 (base 5) to base 14.
-101
1 (base 10) to base 7
1
What is 4 (base 8) in base 13?
4
52 (base 6) to base 5
112
What is 1102 (base 3) in base 2?
100110
-1 (base 10) to base 7
-1
Convert -110 (base 12) to base 8.
-234
169 (base 13) to base 7
514
What is -4 (base 13) in base 9?
-4
What is -2c (base 15) in base 6?
-110
-112 (base 4) to base 12
-1a
-2b (base 14) to base 11
-36
What is 2 (base 7) in base 9?
2
What is -17 (base 11) in base 16?
-12
What is 115 (base 10) in base 6?
311
-23 (base 5) to base 8
-15
What is 4 (base 7) in base 8?
4
What is -12 (base 10) in base 8?
-14
Convert 46 (base 8) to base 2.
100110
-1 (base 7) to base 14
-1
What is -1 (base 2) in base 3?
-1
Convert -71 (base 16) to base 6.
-305
What is -1 (base 15) in base 3?
-1
Convert -15 (base 7) to base 2.
-1100
20 (base 4) to base 3
22
What is 2 (base 10) in base 15?
2
What is -1300 (base 5) in base 8?
-310
-4 (base 5) to base 15
-4
-11 (base 4) to base 16
-5
253 (base 7) to base 8
210
Convert -49 (base 13) to base 15.
-41
What is 2 (base 16) in base 15?
2
18 (base 12) to base 3
202
Convert -10 (base 2) to base 4.
-2
What is 3 (base 12) in base 16?
3
What is -a (base 15